multiple of 4?
False
Is 4207 a factor of 504381437?
True
Is 105384263 a multiple of 45?
False
Is 15 a factor of 55873536?
False
Is 8 a factor of 9084745?
False
Does 14 divide 1799574?
True
Is 36678246 a multiple of 4598?
True
Is 2057892 even?
True
Is 475957998 a multiple of 207?
True
Is 1283464 a multiple of 1178?
False
Is 32869992 a multiple of 116?
True
Is 17414542 a multiple of 5793?
False
Is 89 a factor of 604977190?
False
Is 2684 a factor of 94817668?
True
Does 34 divide 1055608880?
True
Is 132 a factor of 2041248?
True
Is 7 a factor of 6115509?
False
Is 2329 a factor of 103603803?
False
Is 5798695 a multiple of 29?
True
Is 50 a factor of 145269091?
False
Does 9 divide 10009737?
True
Is 168 a factor of 1362431571?
False
Is 2549 a factor of 1573074566?
True
Is 49020471 a multiple of 8?
False
Is 43693632 a multiple of 15?
False
Is 642610011 a multiple of 43?
False
Does 13 divide 41770456?
True
Does 496 divide 945049632?
True
Is 27323493 a multiple of 237?
True
Does 456 divide 215925576?
True
Is 17423208 a multiple of 88?
True
Is 321933920 a multiple of 1913?
False
Is 3588752849 a multiple of 12497?
False
Is 1635 a factor of 1000689127?
False
Is 24037845 a multiple of 124?
False
Is 5 a factor of 3908615?
True
Is 767 a factor of 1071199103?
True
Is 1232 a factor of 547008?
True
Does 118 divide 3029793708?
False
Does 2229 divide 11162832?
True
Does 72 divide 3906704016?
True
Does 397 divide 819178869?
False
Is 61539776 a multiple of 409?
True
Does 289 divide 110466287?
False
Does 48 divide 24271008?
True
Is 4810201 a multiple of 493?
True
Does 34 divide 2513953569?
False
Is 44526531 a multiple of 591?
True
Is 136 a factor of 216459096?
True
Is 68900835 a multiple of 17?
False
Is 8406684 a multiple of 143?
True
Does 10 divide 62154130?
True
Does 2087 divide 4109597267?
True
Does 5 divide 300926895?
True
Does 91 divide 331622256?
False
Is 64 a factor of 2298911616?
True
Is 3613875836 a multiple of 1473?
False
Does 216 divide 336334896?
True
Does 1730 divide 1673826900?
True
Does 3948 divide 148819860?
True
Is 93443016 a multiple of 27?
False
Does 610 divide 318368150?
True
Is 2066 a factor of 1039198?
True
Is 117828314 a multiple of 2872?
False
Does 27 divide 622747164?
False
Is 12316094 a multiple of 601?
False
Is 28 a factor of 248336256?
True
Is 1312003111 a multiple of 158?
False
Is 27 a factor of 953925026?
False
Is 15 a factor of 15359493?
False
Is 229216718 a multiple of 142?
False
Is 11 a factor of 392363867?
False
Is 164 a factor of 2455189388?
True
Is 678 a factor of 126474120?
True
Is 62339756 a multiple of 10?
False
Is 114023188 a multiple of 2362?
True
Is 51566933 a multiple of 731?
True
Is 24 a factor of 134254920?
True
Does 10217 divide 2567806235?
False
Is 2324094 a multiple of 99?
False
Is 1807517212 a multiple of 43?
True
Is 7032672 a multiple of 8?
True
Is 131 a factor of 1102929924?
False
Is 36388591 a multiple of 297?
False
Is 30 a factor of 29195040?
True
Is 13044808 a multiple of 73?
True
Is 358 a factor of 10486178?
True
Is 1411210262 a multiple of 154?
True
Does 3609 divide 76821174?
True
Does 10 divide 1066975?
False
Is 25744601 a multiple of 1327?
False
Does 26 divide 86886306?
True
Is 2208 a factor of 151080192?
True
Does 15 divide 8574902720?
False
Is 1157 a factor of 57675293?
True
Does 100 divide 1043509500?
True
Is 188 a factor of 140811624?
True
Is 344 a factor of 438134568?
True
Does 958 divide 3655044?
False
Is 37190489 a multiple of 47?
True
Does 2 divide 87713948?
True
Does 47 divide 1118082906?
True
Is 52592096 a multiple of 2066?
True
Is 30236257 a multiple of 790?
False
Is 2989 a factor of 3765464486?
True
Is 1529102661 a multiple of 1849?
True
Is 445885109 a multiple of 262?
False
Is 4683949 a multiple of 155?
False
Is 22 a factor of 42987340?
True
Is 3 a factor of 70946780?
False
Does 20 divide 17766515?
False
Is 373646800 a multiple of 10?
True
Is 7 a factor of 2550906?
False
Is 18476561 a multiple of 11?
False
Is 907444 a multiple of 178?
True
Is 224526262 a multiple of 20?
False
Does 166 divide 2819183312?
True
Is 9192368 a multiple of 36?
False
Does 3 divide 17734488?
True
Is 9943388 a multiple of 364?
True
Is 3 a factor of 1178465?
False
Is 192 a factor of 15796800?
True
Is 8 a factor of 1032330599?
False
Does 948 divide 276976212?
True
Is 70680998 a multiple of 64?
False
Is 500146660 a multiple of 105?
False
Is 73 a factor of 458972560?
False
Is 2320054 a multiple of 5?
False
Is 4 a factor of 352133643?
False
Is 1937 a factor of 3411887973?
True
Is 6696975003 a multiple of 467?
False
Is 7626432 a multiple of 157?
True
Is 34529860 a multiple of 20?
True
Is 1390871677 a multiple of 97?
False
Does 7 divide 272328962?
False
Is 42 a factor of 344150772?
True
Is 33903644 a multiple of 17?
True
Is 33 a factor of 1292081366?
False
Is 941 a factor of 162628896?
False
Does 39 divide 84458939?
False
Is 1119344882 a multiple of 5?
False
Is 771879689 a multiple of 18?
False
Is 42 a factor of 14498568?
True
Does 246 divide 293930017?
False
Is 85152317 a multiple of 11?
False
Is 1219425167 a multiple of 1689?
False
Does 166 divide 71691582?
True
Is 83 a factor of 138716987?
True
Is 8820280 a multiple of 4046?
True
Is 25431690 a multiple of 114?
True
Is 2 a factor of 446180508?
True
Is 2250 a factor of 361028166?
False
Is 835654881 a multiple of 7?
False
Is 1786 a factor of 429922023?
False
Does 1085 divide 19500552?
False
Is 117 a factor of 59430587?
False
Does 260 divide 582889840?
True
Is 1211596888 a multiple of 7247?
False
Does 5 divide 1429702?
False
Does 156 divide 34941972?
True
Is 76128174 a multiple of 81?
True
Is 477611320 a multiple of 86?
True
Does 844 divide 382878308?
False
Is 471 a factor of 35236133?
False
Is 36 a factor of 186165324?
True
Is 141 a factor of 556606233?
False
Is 44662803 a multiple of 1646?
False
Does 102 divide 26395397?
False
Is 308373344 a multiple of 32?
True
Is 2650272119 a multiple of 1155?
False
Is 53878610 a multiple of 11?
False
Does 6444 divide 403138758?
False
Is 381 a factor of 30349901?
False
Is 5 a factor of 587349?
False
Is 1373 a factor of 277376206?
True
Is 76105255 a multiple of 474?
False
Does 63 divide 1448092737?
True
Is 49 a factor of 2937795?
True
Is 738776707 a multiple of 17?
False
Does 2572 divide 1666478532?
True
Is 1797 a factor of 76007843?
False
Does 2651 divide 58934381?
True
Is 6143866053 a multiple of 202?
False
Is 2917454 a multiple of 202?
False
Does 415 divide 1016090951?
False
Is 21801538 a multiple of 121?
True
Is 956013030 a multiple of 490?
True
Does 1418 divide 89054654?
True
Is 10 a factor of 35073649?
False
Is 87 a factor of 4047596?
False
Does 20 divide 266956420?
True
Is 95338923 a multiple of 97?
False
Is 21 a factor of 42863874?
False
Does 53 divide 1048494919?
True
Is 1391 a factor of 7221865?
False
Is 282349341 a multiple of 9?
True
Does 78 divide 332544462?
False
Does 67 divide 405861720?
False
Does 23 divide 513774113?
False
Is 43940391 a multiple of 17?
False
Does 8 divide 346988480?
True
Is 10652390 a multiple of 1505?
True
Is 681215955 a multiple of 64?
False
Is 33888654 a multiple of 18?
True
Is 241168868 a multiple of 244?
True
Is 24 a factor of 31484280?
True
Is 564 a factor of 2055040695?
False
Does 22 divide 105146272?
True
Does 165 divide 70428765?
True
Does 9 divide 283440001?
False
Is 17 a factor of 138504833?
False
Is 12669156 a multiple of 28?
False
Does 7 divide 107362899?
True
Is 1535 a factor of 3073639485?
True
Is 12292858 a multiple of 768?
False
Is 6 a factor of 170950375?
False
Does 482 divide 11720390?
False
Does 5 divide 87563442?
False
Is 58 a factor of 52544810?
True
Is 2475327925 a multiple of 15?
False
Is 478 a factor of 17328456?
True
Is 10 a factor of 31154830?
True
Is 167220650 a multiple of 101?
True
Is 163 a factor of 687568202?
False
Does 994 divide 865506614?
True
Is 61843708 a multiple of 82?
False
Does 550 divide 23272644?
False
Does 125 divide 387935875?
True
Is 3928 a factor of 52463798?
False
Is 754766 a multiple of 17?
True
Does 7 divide 17970688?
False
Is 74 a factor of 30681591?
False
Is 3343886737 a multiple of 7965?
False
Does 25 divide 277779749?
False
Does 433 divide 1272713?
False
Is 2674263912 a multiple of 6?
True
Is 9 a factor of 337923898?
False
Does 4 divide 20517635?
False
Is